ber?
True
Is 704233 a composite number?
False
Is 28086371 a prime number?
True
Is 23236865 composite?
True
Is 40593955 a composite number?
True
Is 3867661 a prime number?
False
Is 19508681 a composite number?
False
Is 1196683 a composite number?
False
Is 1854179 composite?
False
Is 8211061 prime?
False
Is 64485073 a composite number?
False
Is 589021 a prime number?
True
Is 1506614 a composite number?
True
Is 24298727 composite?
False
Is 20881897 a composite number?
False
Is 5495249 prime?
True
Is 11661827 prime?
True
Is 43017529 a composite number?
True
Is 22764397 a prime number?
True
Is 249439823 a composite number?
False
Is 961927843 a prime number?
True
Is 3257347 a composite number?
False
Is 10010347 a composite number?
False
Is 11322681 prime?
False
Is 513889 a prime number?
False
Is 668943679 a prime number?
True
Is 5267539 a composite number?
False
Is 4351103 a composite number?
False
Is 10610273 prime?
True
Is 8898629 composite?
False
Is 33809549 prime?
False
Is 297248737 a composite number?
False
Is 899732777 prime?
True
Is 2855683 a prime number?
True
Is 250716803 composite?
True
Is 26805469 prime?
False
Is 96143809 a composite number?
False
Is 122917049 prime?
False
Is 22911157 a prime number?
False
Is 13718618 prime?
False
Is 63676138 a prime number?
False
Is 688271 a prime number?
False
Is 45732221 prime?
False
Is 1879181 prime?
False
Is 2367226 a prime number?
False
Is 1440151883 composite?
False
Is 33224447 a prime number?
True
Is 1142927 prime?
False
Is 499181 prime?
True
Is 58226251 a composite number?
True
Is 160999043 composite?
True
Is 42466399 a prime number?
True
Is 118859999 composite?
False
Is 13482023 a prime number?
False
Is 1877497 a composite number?
True
Is 290025691 composite?
True
Is 34515937 a prime number?
True
Is 2804171 composite?
False
Is 2668781 a composite number?
False
Is 364817 a prime number?
False
Is 768923 a prime number?
True
Is 99579083 composite?
False
Is 88021981 composite?
False
Is 501680501 a composite number?
True
Is 187043147 composite?
False
Is 187127933 a prime number?
True
Is 6242113 a composite number?
False
Is 2534843 composite?
False
Is 40179431 composite?
True
Is 109483039 a composite number?
False
Is 3097873 a composite number?
False
Is 2144209 prime?
True
Is 30699901 prime?
True
Is 141138817 prime?
True
Is 418707194 prime?
False
Is 18196121 a composite number?
False
Is 37231115 a composite number?
True
Is 48386609 a composite number?
False
Is 24327535 composite?
True
Is 8203187 composite?
False
Is 586159 a prime number?
False
Is 12536299 composite?
False
Is 69591973 prime?
False
Is 12138773 a composite number?
True
Is 8487413 a prime number?
False
Is 182089 composite?
False
Is 93445409 prime?
True
Is 5717279 a composite number?
True
Is 836077467 a prime number?
False
Is 163433437 a prime number?
True
Is 52428041 a prime number?
False
Is 16364669 a composite number?
False
Is 5660951 a prime number?
True
Is 199586105 a prime number?
False
Is 396047753 a composite number?
False
Is 378104683 composite?
True
Is 97607 composite?
False
Is 19689374 a prime number?
False
Is 207022967 prime?
False
Is 16728905 prime?
False
Is 154216961 a prime number?
True
Is 274057879 prime?
True
Is 29463673 prime?
True
Is 43923211 composite?
False
Is 3077927 a prime number?
True
Is 17421149 a prime number?
False
Is 17890447 prime?
True
Is 32131091 composite?
True
Is 427877 a prime number?
True
Is 49742194 a composite number?
True
Is 652163 prime?
False
Is 286064197 composite?
True
Is 2242363 prime?
True
Is 57070603 a composite number?
True
Is 67026727 a composite number?
False
Is 32423317 a composite number?
True
Is 7885547 a composite number?
False
Is 14225843 a prime number?
True
Is 9314413 a prime number?
False
Is 1661887 prime?
True
Is 2255177 a prime number?
False
Is 9846743 a composite number?
False
Is 487691429 composite?
True
Is 37498667 a prime number?
True
Is 66692777 a composite number?
True
Is 25980337 prime?
False
Is 2671111 prime?
False
Is 166697093 prime?
False
Is 18764777 prime?
True
Is 12887159 a prime number?
False
Is 2673941 a composite number?
False
Is 39915433 a composite number?
False
Is 41018143 a prime number?
False
Is 18013763 prime?
True
Is 16215217 prime?
True
Is 548567 composite?
False
Is 2480663 a prime number?
True
Is 802066663 a prime number?
True
Is 129863 composite?
True
Is 6035894 a prime number?
False
Is 17655017 a composite number?
False
Is 109471663 a composite number?
True
Is 576957529 a prime number?
True
Is 731141 a prime number?
True
Is 62915377 prime?
False
Is 12642199 a composite number?
False
Is 5029109 a composite number?
False
Is 1240671 composite?
True
Is 610817 a composite number?
False
Is 7846459 prime?
False
Is 25981369 prime?
True
Is 134837 a composite number?
False
Is 408461 a composite number?
False
Is 234919 composite?
True
Is 43839433 composite?
True
Is 176939203 a composite number?
True
Is 2017811 prime?
True
Is 26639347 composite?
True
Is 325519 prime?
False
Is 2102813 composite?
True
Is 28614713 composite?
False
Is 35499707 a composite number?
False
Is 19277053 prime?
True
Is 1472971 a prime number?
True
Is 6968777 prime?
False
Is 11289821 composite?
True
Is 269977 prime?
False
Is 379571 prime?
True
Is 43244263 a composite number?
False
Is 1605479 a prime number?
False
Is 69187849 composite?
False
Is 94012441 prime?
False
Is 287831 a composite number?
True
Is 15614537 a prime number?
True
Is 42987499 a composite number?
False
Is 12625439 prime?
True
Is 144341 a prime number?
True
Is 16421261 a prime number?
False
Is 11203793 composite?
False
Is 1046086627 prime?
True
Is 8395913 a composite number?
False
Is 24871537 composite?
False
Is 17333347 prime?
True
Is 384509 a prime number?
True
Is 2824031 composite?
True
Is 143180573 prime?
True
Is 1384561 a composite number?
False
Is 5111 a prime number?
False
Is 39431699 a prime number?
False
Is 435549035 composite?
True
Is 32626649 prime?
False
Is 13049711 prime?
False
Is 2286001 prime?
False
Is 18730354 prime?
False
Is 33334321 a prime number?
True
Is 13386467 prime?
False
Is 324207263 composite?
False
Is 24219939 a prime number?
False
Is 838091 composite?
False
Is 136796659 a prime number?
False
Is 12273103 composite?
True
Is 37909747 prime?
False
Is 207970517 a prime number?
True
Is 32105531 composite?
False
Is 232469893 composite?
True
Is 601877 a prime number?
False
Is 96776893 composite?
True
Is 3292477 composite?
True
Is 192512183 a prime number?
True
Is 29478817 a prime number?
True
Is 75307 a composite number?
False
Is 28293409 a prime number?
False
Is 15396751 a prime number?
False
Is 8737681 a prime number?
False
Is 24220927 composite?
False
Is 20279269 a composite number?
False
Is 13038877 prime?
True
Is 998126 a composite number?
True
Is 32732759 composite?
False
Is 7321661 a prime number?
True
Is 9757997 a composite number?
True
Is 3097727 a prime number?
True
Is 3439823 a prime number?
True
Is 75884969 a prime number?
True
Is 1675259 a composite number?
False
Is 6284977 prime?
False
Is 488929886 a prime number?
False
Is 18750117 prime?
False
Is 139196837 a prime number?
False
Is 2084749 prime?
True
Is 31438591 a prime number?
False
Is 2832061 prime?
False
Is 34510837 a prime number?
True
Is 162775973 a composite number?
True
Is 88514231 composite?
True
Is 116076097 a prime number?
True
Is 23933029 prime?
False
Is 13706255 a prime number?
False
Is 2341949 a composite number?
True
Is 1735637 a prime number?
False
Is 2335231 composite?
False
Is 37763623 a composite number?
False
Is 301904209 prime?
True
Is 250739 a composite number?
False
Is 5060143 a composite number?
True
Is 151355977 a prime number?
True
Is 5912821 a prime number?
False
Is 8640679 composite?
False
Is 349202717 prime?
False
Is 15641159 a composite number?
True
Is 3009887 prime?
True
Is 180871 a composite number?
False
Is 95257 a prime number?
True
Is 282643 composite?
True
Is 6043459 composite?
False
Is 37262821 a prime number?
False
Is 15457285 a composite number?
True
Is 4108679 prime?
False
Is 1340234089 a prime number?
True
Is 92896079 a composite number?
False
Is 13246697 composite?
True
Is 1873013 a prime number?
True
Is 106978991 prime?
False
Is 107779477 prime?
False
Is 18768641 prime?
True
Is 93205877 composite?
F